et n be 0 - (0 + (-11 - -1)). Suppose 0*t = -5*t + n. Suppose t*r - 3*r + 13 = 0. What is the remainder when 24 is divided by r?
11
Suppose -4*h - 4*m = -16, 0 = -2*h - 4*m + 11 + 5. Suppose 11 = c - h. What is the remainder when 41 is divided by c?
8
Suppose x - 10 = -g, 0 = -0*g + 3*g - 2*x - 40. Suppose 0 = 2*t - 62 + g. What is the remainder when t is divided by 14?
11
Let m(l) = l**2 - 8*l - 19. Let w be m(9). Let n = w - -33. Let c = 40 - 28. What is the remainder when n is divided by c?
11
Let c(o) = 7*o. What is the remainder when 26 is divided by c(1)?
5
Let f = 65 - 91. Let w = f - -48. What is the remainder when 65 is divided by w?
21
Suppose 5*q = 228 + 207. What is the remainder when q is divided by 15?
12
Let a = 16 - -57. Calculate the remainder when a is divided by ((-1)/3)/(4/(-228)).
16
Suppose 29 - 4 = 5*z. Let a = z - -4. Suppose -3*t = -2*m - 56, t - 5*m = -t + 52. Calculate the remainder when t is divided by a.
7
Suppose -3*g - g = -60. What is the remainder when 58 is divided by g?
13
Suppose -u + 3*s - 19 = 0, 2*u - 5*s + 41 = -u. Let d(p) = -3*p + 1. What is the remainder when d(u) is divided by 12?
10
Let j(o) = o**2 + 2*o - 17. Calculate the remainder when j(-9) is divided by 4.
2
Let o = -19 - -26. Calculate the remainder when 66 is divided by o.
3
Let t(o) = 2*o**2 - o - 6. Let a be (-2)/(-5) + (-1164)/(-15). Let l = a + -19. Calculate the remainder when l is divided by t(-3).
14
Calculate the remainder when 28 is divided by 1 - (3 - 3) - -14.
13
Let r = -18 - -43. Calculate the remainder when r is divided by (221/65 - (-4)/(-10))*3.
7
Let t(k) = -k + 4. Let i = -43 + 31. Calculate the remainder when t(i) is divided by (-2)/4 - (-13)/2.
4
Let z(o) = -48*o + 1. Let v be z(-2). Calculate the remainder when (7*1)/(3/9) is divided by v/9 - (-10)/45.
10
Suppose -2*p + 20 = -5*v - 38, 3*v = -5*p + 176. What is the remainder when p is divided by 9?
7
Let i be 318/8 + (-2)/(-8). Suppose 3*x = 3*t - t - 47, 0 = -3*x - 5*t - i. Let b = x + 34. What is the remainder when 54 is divided by b?
16
Let g = 78 + -62. Let h = 19 - -17. Calculate the remainder when 6 is divided by (-9)/(-12) + h/g.
0
Let k = 5 - 15. Let t be (-2)/k - 304/(-5). Let x = t - 35. What is the remainder when x is divided by 14?
12
Let n = 10 - 1. Suppose -5*y - 2*g + 37 = 1, -g + 21 = 3*y. Calculate the remainder when n is divided by (3/y)/(3/30).
4
Let c(h) = h**3 - 18*h**2 + 3*h - 15. What is the remainder when c(18) is divided by 10?
9
Let i = 35 - 23. Calculate the remainder when i is divided by 5.
2
Suppose 4*k = 5*i + 473, 3*k - 2*i - 349 = -4*i. Suppose -j - k = -4*a + 426, 2*a - 294 = -4*j. Calculate the remainder when a is divided by 35.
32
Let f be (-1)/(1/(-44) - 0). Suppose -4*b + f = -0*b. Calculate the remainder when 19 is divided by b.
8
Let x = 34 - 23. Suppose 5*t + 113 + 202 = 0. Let o = -42 - t. What is the remainder when o is divided by x?
10
Let v be 9/(-15) - 1149/(-15). Suppose m - 2*m = -4*w - 28, 0 = -4*m + 4*w + v. What is the remainder when 47 is divided by m?
15
Let j = 184 + -105. What is the remainder when j is divided by 16?
15
Suppose -3*w + 14 = -2*v + 69, 5*v + w - 95 = 0. Calculate the remainder when v is divided by 12.
8
Let l(b) = 6*b**3 + 2*b**2 - 2*b. Let x be l(-2). Let q = 71 + x. Let a(p) = -p**2 + 6*p + 7. Calculate the remainder when q is divided by a(5).
11
Suppose -2*a = -5*d + 18 + 10, 2*d = a + 12. What is the remainder when 3/2*(9 + 1) is divided by d?
3
Let w(a) = a**2 - 14*a - 19. Let o(u) = -u**2 - u + 64. Calculate the remainder when o(0) is divided by w(16).
12
Let l(r) = -14*r + 87. Calculate the remainder when 81 is divided by l(5).
13
Let r be 0 + 1 - 1 - -2. Suppose 0 = r*x, 4*f + 2*x + 4 = 32. Calculate the remainder when f is divided by 3.
1
Let x(a) = 0 + 0 - 1 + 6*a. Calculate the remainder when x(6) is divided by 9.
8
Let z(n) be the second derivative of n**4/6 + 4*n. What is the remainder when 0 - 1 - 7*-5 is divided by z(3)?
16
Let p = -20 - -66. Calculate the remainder when p is divided by 6.
4
Let s(g) be the second derivative of -g**5/20 - g**4/2 - g**3/2 - 2*g**2 + 3*g. Calculate the remainder when s(-6) is divided by 8.
6
Suppose 0 = -6*p + 3*p + 51. Suppose 2*q = p + 19. What is the remainder when q is divided by 7?
4
Suppose -2*j + 3*u = -26 - 32, -2*j = -4*u - 54. Calculate the remainder when j is divided by 12.
11
Let d = -28 + 19. Let j = d + 42. What is the remainder when j is divided by 17?
16
Let v(b) = 9*b - 10. Let k(m) = m. Let n(p) = -6*k(p) + v(p). Let l be n(7). Suppose 3*t - l = 85. What is the remainder when t is divided by 17?
15
Let u = -42 - -61. Suppose 7*b = 6*b + 36. What is the remainder when b is divided by u?
17
Suppose 0 = -p - 1 + 17. Let c = 27 - p. Calculate the remainder when 31 is divided by c.
9
Let j(a) = -a + 8. Let y(z) be the first derivative of -z**4/4 + 5*z**3/3 + 5*z**2/2 + 4*z - 1. What is the remainder when y(5) is divided by j(-7)?
14
Let r = -24 - -55. Calculate the remainder when 56 is divided by r.
25
Suppose 2*x + 56 = -2*a - 0*x, -3*x + 147 = -4*a. Let p = a - -23. Let q = -6 - p. What is the remainder when q is divided by 3?
1
Let s(t) = -t + 18. What is the remainder when s(0) is divided by 5?
3
Let l(b) = -b**3 - 24*b**2 - 23*b + 15. Let q = 104 + -49. What is the remainder when q is divided by l(-23)?
10
Calculate the remainder when (-6)/9*(489/(-2) + 0) is divided by 33.
31
Suppose 2*p + 3*n - 10 - 1 = 0, 0 = -4*p - 4*n + 20. Let y = p - 3. What is the remainder when (-608)/40*(-4 - y) is divided by 26?
24
Suppose 2 = p - 8. Calculate the remainder when 27 is divided by p.
7
Suppose -4*y + 17 - 5 = 0. What is the remainder when 6 is divided by y?
0
Let q = 9 - -2. Calculate the remainder when q is divided by 6.
5
Let c be 1 + 2/4*-2. Calculate the remainder when 17 is divided by (2 + c - -7) + 0.
8
Let d(o) = 3*o - 1 - 2*o - 1. Let j be d(2). Suppose 4*p - 28 - 24 = j. Calculate the remainder when 37 is divided by p.
11
Suppose -126 = -3*j - 3*j. Calculate the remainder when j is divided by 3/((-9)/12)*-2.
5
Calculate the remainder when 45 is divided by (-236)/(-13) + 1 + 14/(-91).
7
Let m(o) = 3*o**2 - 2*o - 2. Suppose 3*b - 14 = 2*y, 6 = -5*b - 3*y + 4. Let x = 7 + 4. Calculate the remainder when x is divided by m(b).
5
Suppose 3*x - 6 + 0 = 3*a, -x = -3*a - 12. What is the remainder when 38 is divided by 10 + x - (-2 + 1)?
6
Suppose v - c - 34 = -0*v, -4*c + 9 = v. What is the remainder when v is divided by (2 - -1)*(-10)/(-3)?
9
Suppose 0 = -3*o - o + 280. Suppose 66 = 5*u + 3*n, -7*n + 2*n + o = 5*u. What is the remainder when u is divided by 7?
5
Let c be ((-6)/(-2))/((-1)/(-1)). Let o(z) = -2*z**2 - 2*z + c*z + 3*z**2. Calculate the remainder when o(-2) is divided by 2.
0
Let h(z) be the third derivative of -z**4/6 + z**3 - 8*z**2. What is the remainder when h(-6) is divided by 17?
13
Let q be 55/15 - (-4)/(-6). What is the remainder when 43 is divided by (3/q)/1 - -10?
10
Let k = 3 + -16. Let j = k - -21. Let s = j - -2. Calculate the remainder when s is divided by 6.
4
Let f(y) = y**3 - 5*y**2 + 9*y - 5. Calculate the remainder when f(6) is divided by 22.
19
Let p be 1 + -4 + 8 + -3. Suppose 0 = -p*r + 3*r - 4. What is the remainder when 13 is divided by r?
1
Suppose 0 = -i + 5*f + 19, -53 = -3*i + 2*f + 69. Calculate the remainder when 84 is divided by i.
40
Let f(q) = -2*q**3 - 3*q - 3. Let g = -1 - 1. What is the remainder when 56 is divided by f(g)?
18
Let a = 197 - 120. What is the remainder when a is divided by 16?
13
Calculate the remainder when (7 + -4)*-1 + 37 is divided by 9.
7
Let q(f) = 6*f. Let a = 217 + -98. Suppose 3*d + 17 - a = 0. What is the remainder when d is divided by q(2)?
10
Suppose -c + 3*a - 229 = -6*c, -5*c = -2*a - 214. Suppose j - 2*u = -5*u + 3, 0 = -5*j - u + 57. What is the remainder when c is divided by j?
8
Let v(r) = 6*r - 7. Suppose -2*m = 2*h + 3*h - 15, -4*h = -3*m + 11. What is the remainder when 68 is divided by v(m)?
22
Let n(f) = 9*f - 1. Let o be 3/(-2 - 10)*-12. Let p(l) = 10*l - 7. Calculate the remainder when p(o) is divided by n(1).
7
Suppose 5*c = 4*r - 3*r - 90, 20 = 4*c. What is the remainder when r is divided by 13?
11
What is the remainder when (-1 - 2) + 5 + 195 is divid